pose -u*h = 2*h - 13*h. What is the units digit of (-8 - -6)/(2/(-28) + h)?
8
Let f(w) = 453*w - 2787. What is the ten thousands digit of f(123)?
5
Let w(b) = 244*b**2 - 1353*b - 5393. What is the tens digit of w(-4)?
2
What is the hundreds digit of 12064 + 0 + 12 + (13 - 34)?
0
Let k = -377 + 420. Suppose -17*d = -k*d + 18096. What is the hundreds digit of d?
6
Let i(q) = q**3 - 3*q + 22. Suppose -308 = -4*t - 5*n, 0 = -7*t + 2*t + 2*n + 418. Let u = 82 - t. What is the units digit of i(u)?
2
Let t be -38*9/((-36)/32). Suppose -c = -3*c, c + t = 4*b. Suppose -r + b = -j, -2*r + 3*j + 164 = 5*j. What is the tens digit of r?
7
Let r be (28/2)/(32/2032). Let w = -465 + r. What is the units digit of w?
4
Let w = 194 - 135. Suppose 5*n - 2*p - 73 = 0, 4*p - w - 20 = -5*n. Let t = n - -20. What is the units digit of t?
5
Let w = 173 + -174. What is the tens digit of w - -510 - 1 - (-38)/19?
1
Let v(n) = -4*n**2 + 3*n - 1. Let j = 100 - 95. Let f be v(j). What is the units digit of 0/6*(-1 - -2) - f?
6
Suppose 0 = 17*w + 2 + 15. What is the tens digit of (0 - w)*(138 - -35)?
7
Let u(y) = 1085*y + 1086*y + 5 - 2173*y. Suppose 6 = -3*a - 0*a. What is the units digit of u(a)?
9
Let z(t) = 2*t + 3. Let f(q) = -20*q - 60. Let j(i) = -f(i) - 8*z(i). What is the units digit of j(6)?
0
What is the thousands digit of (-4 + 7815 - 6) + -2 + -2?
7
Let j be (-61 + 60)*(-5 - 1). What is the units digit of -8 + j - -10 - -545?
3
What is the hundreds digit of -12*187/44*789/(-1)?
2
Let f be (-49)/105*-5*33/1. Let r = 46 + f. Let g = r - 120. What is the units digit of g?
3
Suppose -3*n + 28*t - 25*t + 4662 = 0, -56 = 8*t. What is the tens digit of n?
4
Let u(p) = -2035*p**2 - 13*p - 14. Let z be u(-1). What is the units digit of 142/213 - (z/6)/1?
0
Let x be 12720/35*14/4. What is the units digit of (x/(-2))/((-4)/(-36)*-6)?
4
What is the units digit of (-52)/(-39) + (-30581)/(-3) + 1?
6
Let t(j) = -5271*j - 36. Let f be t(3). What is the hundreds digit of f/(-27) - (-2 - 0)?
5
Let k(s) = 2*s + 11. Let i(v) = -v**2 + 11*v - 4. Let f be i(11). Let y be k(f). What is the tens digit of (y - 4)*(-79)/1?
7
Let l(b) = b**3 - 8*b**2 + 8*b - 4. Let c be l(6). Let m = -25 - c. Suppose m*u - y = 2*y + 246, 254 = 3*u + y. What is the tens digit of u?
8
Let s(r) = -r**3 - 13*r**2 - 36*r + 2. Let m be s(-9). Suppose -5*l + 1482 = 4*k, -l = m*k - k - 297. What is the tens digit of l?
9
Let a = -752 + 1932. Suppose -3*x - 9 = 0, -4*z = -2*x - a + 274. What is the hundreds digit of z?
2
Let c(s) = 247*s - 266*s - 36 - 24. What is the tens digit of c(-22)?
5
What is the tens digit of 2/(5 + -4) + (-33780)/(-4)?
4
Suppose -3*q - 4*n + 26633 - 1927 = 0, 5*q + 4*n - 41174 = 0. What is the thousands digit of q?
8
Let f = 349 + -370. What is the tens digit of 21/49 - 15468/f - 3?
3
Let k be (1 + 2)*1 - (-696)/29. Suppose 0 = 24*m - k*m + 87. What is the tens digit of m?
2
Let o(s) = 373*s + 455. What is the tens digit of o(29)?
7
Suppose 2*y + y = -5*f + 28607, 2*y + f = 19083. What is the tens digit of y?
4
What is the tens digit of ((-37)/(-22) - (-40)/(-220))*(-96168)/(-36)?
0
Let o = -397 + 396. What is the hundreds digit of 38/((2/(-44))/o)?
8
Suppose 3*h + 360982 + 46778 = 9*h. What is the tens digit of h?
6
Let k be (-972)/(-28) + 0 - (-4)/14. Let s = -32 + k. Suppose -5*w = d - 59, 2*d + w - 70 = s*w. What is the units digit of d?
9
Suppose 2*j - 1353 = 5*d, -j - 3*d + 134 = -537. Let c = j - 473. Let q = -61 + c. What is the units digit of q?
0
Let a(i) = i**2 - 4*i + 24. Let h be a(-11). Let l = h - 65. Let j = 47 + l. What is the tens digit of j?
7
Let v = 103 + -101. Let b(o) = 146*o + 27. What is the units digit of b(v)?
9
Let w(u) = 238*u**2 + 4*u - 3. Let c be w(1). Let v = -127 + c. What is the tens digit of v?
1
Suppose 0 = 5*d + 2 + 8, 359 = -3*p - d. Let r = p + 174. What is the tens digit of r?
5
Let p be (-19 - -43)*18/8. What is the tens digit of 9/p + 5505/18?
0
Let t(u) = u**3 - 2*u**2 - 4*u + 1. Let w be t(3). What is the hundreds digit of (-10)/35 - (7176/(-28) - w)?
2
Suppose n = -16*n + 9*n + 279176. What is the units digit of n?
7
Let o be 54/4 - (-2)/4*1. Let g = o - -47. Suppose n - 2*z = -n + 182, n - g = -5*z. What is the units digit of n?
6
What is the thousands digit of (9501 - -3)*(-50)/(-75)?
6
Suppose 0 = 22*i - 1720 - 7234. Suppose 2*c - 228 = -a + i, -a + 610 = -3*c. What is the tens digit of a?
2
Let h(a) = 2*a**2 + 15*a - 154. Let o be h(-30). Suppose 4*c = 2*j - o, -5*j + 2972 = -4*c + 3*c. What is the units digit of j?
4
Suppose -2*r - 11*r + 28925 = 0. Let w = 3411 - r. What is the thousands digit of w?
1
Suppose 1186120 = 19*a + 30*a + 16*a. What is the tens digit of a?
4
Suppose -3*i - 2*b + 23 = 0, i - b = 2*i - 9. Suppose -i*y + 48 + 127 = 0. Let q = -17 + y. What is the units digit of q?
8
Let h = 20777 - 14223. What is the hundreds digit of h?
5
Suppose 2*x + z + 17 = 0, -z - 7 = x + z. Let y(i) be the first derivative of -i**4/4 - 3*i**3 - 11*i**2/2 - 6*i - 832. What is the tens digit of y(x)?
9
Suppose 3*c = -6, -2*j + 8 = -2*c + c. Suppose -d + 0 = 2, 2*h + j*d - 202 = 0. Let x = h - 63. What is the units digit of x?
1
Suppose -3*k + 7567 = 4*h - 3273, -5*h = -k - 13531. What is the units digit of h?
7
Suppose -5*v + 8*v + 4*j - 7228 = 0, 0 = 4*v - 5*j - 9596. Let f = v - 1454. What is the hundreds digit of f?
9
Let u be 3 - (-8 - (1 + -7)). Suppose -63*z + 65*z - 1048 = s, 5*s = -u*z + 2590. What is the hundreds digit of z?
5
Suppose -31*s + 78*s - 940329 = 0. What is the units digit of s?
7
Let j(x) = -x**2 - 26*x + 1661. Let k be j(29). Let t = 179 - 30. Let s = t - k. What is the units digit of s?
3
Suppose -2 = q - 6. Suppose -t = 4*a + 18, 2*t + t + 54 = q*a. What is the units digit of t/(-81) + 1490/18?
3
Let i = -6486 + 39912. What is the ten thousands digit of i?
3
Let c = 774 - 364. Suppose -54 + c = w. What is the units digit of w?
6
Let s(o) = 161*o + 10479. What is the ten thousands digit of s(79)?
2
Suppose 16*v - 36864 = 10*v. What is the hundreds digit of v?
1
Let t(g) be the third derivative of g**6/120 - g**5/30 + 7*g**4/12 - 5*g**3/2 - 112*g**2. What is the tens digit of t(9)?
7
Let s be (-18)/(((-42)/201)/7). Let u = s - -227. What is the tens digit of u?
3
What is the hundreds digit of 8 + 5 + 18341 + 15?
3
Let a = 1594 + -8846. What is the hundreds digit of a/(-18) + 704/99 + -7?
4
Let r = 133 - -348. Let p = 488 - r. What is the units digit of p?
7
Suppose 192 = 13*f - 11*f. Suppose -5*n + n = 4*x + 156, 4*x - 16 = 0. Let r = f + n. What is the tens digit of r?
5
Suppose 91*p = 102*p - 319. Suppose -37*f = -p*f - 3728. What is the tens digit of f?
6
Let z(o) = -o**2 + 18*o + 20. Let x be z(19). Let t be x/(-7) + 342/42. Suppose 3 = f + s - t, -4*s + 56 = 5*f. What is the units digit of f?
2
Let p(m) = -m + 20. Let y be p(18). Suppose -158 - 400 = -4*h + 2*r, -y*h = 5*r - 297. What is the tens digit of h?
4
Suppose 5*f + 1 = 3*c, -4*c - f = -0*c - 9. Suppose c*v + 29 - 1271 = 0. What is the tens digit of v?
2
What is the ten thousands digit of 10994 - 165/11 - -16?
1
Let n(k) = -149*k**2 + 25*k - 15. Let w(g) = 74*g**2 - 13*g + 7. Let y(j) = -3*n(j) - 5*w(j). What is the thousands digit of y(-4)?
1
Let b(j) = -20 + 12*j**2 - 6563*j - 3*j**2 + 6491*j. What is the tens digit of b(9)?
6
Let n = 14 + 8. Suppose 8*s - n*s = -42. Suppose -52 = -4*l - u - u, -s*l + 3*u + 39 = 0. What is the units digit of l?
3
Suppose 3*u - 27 + 12 = 0. Suppose -4*i - 680 = -2*k, 4*i - 1635 = -u*k + i. What is the units digit of k?
0
Let t be (21/(-27)*3 + 2)*87. Let w = 179 + t. What is the units digit of w?
0
Let h(j) = -1. Let t(m) be the third derivative of 23*m**4/12 - 3*m**3/2 + 11*m**2. Let i(z) = -5*h(z) + t(z). What is the units digit of i(5)?
6
Let b be 1 + 2/4 + (-15)/(-6). Let k be b/(-14) + 348/42. Let m(s) = 11*s + 22. What is the hundreds digit of m(k)?
1
Suppose -32 = -2*n + 416. Let u = -179 + n. What is the units digit of u?
5
Let l(o) = -144*o - 6. Let j be l(1). Let s = j + 154. Let d(q) = 62*q + 27. What is the units digit of d(s)?
5
Let h = 72 + -68. Suppose -4*r + 16 = a - 8*r, -h*a - 2*r + 10 = 0. Suppose -k - 189 = -3*s, s + a*s + 2*k - 326 = 0. What is the units digit of s?
4
Suppose i + 7405 = 5*a - 3*i